{"id":348,"date":"2019-06-14T17:45:40","date_gmt":"2019-06-14T15:45:40","guid":{"rendered":"http:\/\/lea-osteopathie.fr\/?page_id=348"},"modified":"2025-12-18T11:08:47","modified_gmt":"2025-12-18T10:08:47","slug":"sportifs-et-artistes","status":"publish","type":"page","link":"https:\/\/lea-osteopathie.fr\/?page_id=348","title":{"rendered":"Sportif et artiste"},"content":{"rendered":"\t\t<div data-elementor-type=\"wp-post\" data-elementor-id=\"348\" class=\"elementor elementor-348\">\n\t\t\t\t\t\t<section class=\"elementor-section elementor-top-section elementor-element elementor-element-257cb16 elementor-section-boxed elementor-section-height-default elementor-section-height-default\" data-id=\"257cb16\" data-element_type=\"section\">\n\t\t\t\t\t\t<div class=\"elementor-container elementor-column-gap-default\">\n\t\t\t\t\t<div class=\"elementor-column elementor-col-100 elementor-top-column elementor-element elementor-element-f0d678a\" data-id=\"f0d678a\" data-element_type=\"column\">\n\t\t\t<div class=\"elementor-widget-wrap elementor-element-populated\">\n\t\t\t\t\t\t<div class=\"elementor-element elementor-element-2ed8ca9 elementor-widget elementor-widget-heading\" data-id=\"2ed8ca9\" data-element_type=\"widget\" data-widget_type=\"heading.default\">\n\t\t\t\t<div class=\"elementor-widget-container\">\n\t\t\t<h2 class=\"elementor-heading-title elementor-size-default\">Sportif & Artiste<\/h2>\t\t<\/div>\n\t\t\t\t<\/div>\n\t\t\t\t\t<\/div>\n\t\t<\/div>\n\t\t\t\t\t<\/div>\n\t\t<\/section>\n\t\t\t\t<section class=\"elementor-section elementor-top-section elementor-element elementor-element-e9029d1 elementor-section-boxed elementor-section-height-default elementor-section-height-default\" data-id=\"e9029d1\" data-element_type=\"section\">\n\t\t\t\t\t\t<div class=\"elementor-container elementor-column-gap-default\">\n\t\t\t\t\t<div class=\"elementor-column elementor-col-100 elementor-top-column elementor-element elementor-element-6d6b454\" data-id=\"6d6b454\" data-element_type=\"column\">\n\t\t\t<div class=\"elementor-widget-wrap elementor-element-populated\">\n\t\t\t\t\t\t<div class=\"elementor-element elementor-element-3ef990f elementor-widget elementor-widget-text-editor\" data-id=\"3ef990f\" data-element_type=\"widget\" data-widget_type=\"text-editor.default\">\n\t\t\t\t<div class=\"elementor-widget-container\">\n\t\t\t\t\t\t\t<p style=\"text-align: center;\"><span style=\"font-family: serif; color: #000000;\"><span style=\"font-size: large;\">Un suivi r\u00e9gulier pour am\u00e9liorer la performance, mieux r\u00e9cup\u00e9rer et surtout \u00e9viter la blessure !\u00a0 <\/span><\/span><\/p><p style=\"text-align: center;\"><span style=\"color: #000000;\"><span style=\"font-family: serif;\"><span style=\"font-size: large;\">Je souhaite vous accompagner pour atteindre un<\/span><\/span><span style=\"font-family: serif;\"><span style=\"font-size: large;\"> fonctionnement optimal de <\/span><\/span><span style=\"font-family: serif;\"><span style=\"font-size: large;\">votre <\/span><\/span><span style=\"font-family: serif;\"><span style=\"font-size: large;\">organisme<\/span><\/span><span style=\"font-family: serif;\"><span style=\"font-size: large;\"> et ainsi une meilleure r\u00e9g\u00e9n\u00e9ration du corps. Mon but est d&rsquo;\u00e9viter toute contre performance, fatigue pr\u00e9matur\u00e9e ou encore sur sollicitations de certaines zones du corps pouvant \u00e9voluer en <\/span><\/span><span style=\"font-family: serif;\"><span style=\"font-size: large;\">une <\/span><\/span><span style=\"font-family: serif;\"><span style=\"font-size: large;\">usur<\/span><\/span><span style=\"font-family: serif;\"><span style=\"font-size: large;\">e<\/span><\/span><\/span><span style=\"font-family: serif;\"><span style=\"font-size: large;\"><span style=\"color: #000000;\"> pr\u00e9coce.<\/span> <\/span><\/span><\/p>\t\t\t\t\t\t<\/div>\n\t\t\t\t<\/div>\n\t\t\t\t\t<\/div>\n\t\t<\/div>\n\t\t\t\t\t<\/div>\n\t\t<\/section>\n\t\t\t\t<section class=\"elementor-section elementor-top-section elementor-element elementor-element-3809593 elementor-section-boxed elementor-section-height-default elementor-section-height-default\" data-id=\"3809593\" data-element_type=\"section\">\n\t\t\t\t\t\t<div class=\"elementor-container elementor-column-gap-default\">\n\t\t\t\t\t<div class=\"elementor-column elementor-col-50 elementor-top-column elementor-element elementor-element-9403f60\" data-id=\"9403f60\" data-element_type=\"column\">\n\t\t\t<div class=\"elementor-widget-wrap elementor-element-populated\">\n\t\t\t\t\t\t<div class=\"elementor-element elementor-element-e89f3fd elementor-widget elementor-widget-image\" data-id=\"e89f3fd\" data-element_type=\"widget\" data-widget_type=\"image.default\">\n\t\t\t\t<div class=\"elementor-widget-container\">\n\t\t\t\t\t\t\t\t\t\t\t\t\t<img fetchpriority=\"high\" decoding=\"async\" width=\"1024\" height=\"654\" src=\"https:\/\/lea-osteopathie.fr\/wp-content\/uploads\/2019\/06\/KKFL-1024x654.jpg\" class=\"attachment-large size-large wp-image-206\" alt=\"\" srcset=\"https:\/\/lea-osteopathie.fr\/wp-content\/uploads\/2019\/06\/KKFL-1024x654.jpg 1024w, https:\/\/lea-osteopathie.fr\/wp-content\/uploads\/2019\/06\/KKFL-300x192.jpg 300w, https:\/\/lea-osteopathie.fr\/wp-content\/uploads\/2019\/06\/KKFL-768x490.jpg 768w, https:\/\/lea-osteopathie.fr\/wp-content\/uploads\/2019\/06\/KKFL.jpg 1123w\" sizes=\"(max-width: 1024px) 100vw, 1024px\" \/>\t\t\t\t\t\t\t\t\t\t\t\t\t<\/div>\n\t\t\t\t<\/div>\n\t\t\t\t\t<\/div>\n\t\t<\/div>\n\t\t\t\t<div class=\"elementor-column elementor-col-50 elementor-top-column elementor-element elementor-element-d220e84\" data-id=\"d220e84\" data-element_type=\"column\">\n\t\t\t<div class=\"elementor-widget-wrap elementor-element-populated\">\n\t\t\t\t\t\t<div class=\"elementor-element elementor-element-0edf29e elementor-widget elementor-widget-image\" data-id=\"0edf29e\" data-element_type=\"widget\" data-widget_type=\"image.default\">\n\t\t\t\t<div class=\"elementor-widget-container\">\n\t\t\t\t\t\t\t\t\t\t\t\t\t<img decoding=\"async\" width=\"960\" height=\"956\" src=\"https:\/\/lea-osteopathie.fr\/wp-content\/uploads\/2019\/06\/14045560_1664073170577370_6478855146141744719_n.jpg\" class=\"attachment-large size-large wp-image-256\" alt=\"\" srcset=\"https:\/\/lea-osteopathie.fr\/wp-content\/uploads\/2019\/06\/14045560_1664073170577370_6478855146141744719_n.jpg 960w, https:\/\/lea-osteopathie.fr\/wp-content\/uploads\/2019\/06\/14045560_1664073170577370_6478855146141744719_n-150x150.jpg 150w, https:\/\/lea-osteopathie.fr\/wp-content\/uploads\/2019\/06\/14045560_1664073170577370_6478855146141744719_n-300x300.jpg 300w, https:\/\/lea-osteopathie.fr\/wp-content\/uploads\/2019\/06\/14045560_1664073170577370_6478855146141744719_n-768x765.jpg 768w\" sizes=\"(max-width: 960px) 100vw, 960px\" \/>\t\t\t\t\t\t\t\t\t\t\t\t\t<\/div>\n\t\t\t\t<\/div>\n\t\t\t\t\t<\/div>\n\t\t<\/div>\n\t\t\t\t\t<\/div>\n\t\t<\/section>\n\t\t\t\t<section class=\"elementor-section elementor-top-section elementor-element elementor-element-7c63798 elementor-section-boxed elementor-section-height-default elementor-section-height-default\" data-id=\"7c63798\" data-element_type=\"section\">\n\t\t\t\t\t\t<div class=\"elementor-container elementor-column-gap-default\">\n\t\t\t\t\t<div class=\"elementor-column elementor-col-100 elementor-top-column elementor-element elementor-element-20f5bb4\" data-id=\"20f5bb4\" data-element_type=\"column\">\n\t\t\t<div class=\"elementor-widget-wrap elementor-element-populated\">\n\t\t\t\t\t\t<div class=\"elementor-element elementor-element-795b46e elementor-widget elementor-widget-heading\" data-id=\"795b46e\" data-element_type=\"widget\" data-widget_type=\"heading.default\">\n\t\t\t\t<div class=\"elementor-widget-container\">\n\t\t\t<h2 class=\"elementor-heading-title elementor-size-default\">Prise en charge<\/h2>\t\t<\/div>\n\t\t\t\t<\/div>\n\t\t\t\t\t<\/div>\n\t\t<\/div>\n\t\t\t\t\t<\/div>\n\t\t<\/section>\n\t\t\t\t<section class=\"elementor-section elementor-top-section elementor-element elementor-element-a1be842 elementor-section-boxed elementor-section-height-default elementor-section-height-default\" data-id=\"a1be842\" data-element_type=\"section\">\n\t\t\t\t\t\t<div class=\"elementor-container elementor-column-gap-default\">\n\t\t\t\t\t<div class=\"elementor-column elementor-col-100 elementor-top-column elementor-element elementor-element-a446494\" data-id=\"a446494\" data-element_type=\"column\">\n\t\t\t<div class=\"elementor-widget-wrap elementor-element-populated\">\n\t\t\t\t\t\t<div class=\"elementor-element elementor-element-d546494 elementor-widget elementor-widget-text-editor\" data-id=\"d546494\" data-element_type=\"widget\" data-widget_type=\"text-editor.default\">\n\t\t\t\t<div class=\"elementor-widget-container\">\n\t\t\t\t\t\t\t<table width=\"100%\" cellspacing=\"0\" cellpadding=\"5\"><colgroup> <col width=\"74*\" \/> <col width=\"86*\" \/> <col width=\"96*\" \/> <\/colgroup><tbody><tr valign=\"top\"><td width=\"29%\"><strong><span style=\"font-family: serif; color: #000000;\"><span style=\"font-size: large;\">Quand?<\/span><\/span><\/strong><\/td><td width=\"37%\"><strong><span style=\"font-family: serif; color: #000000;\"><span style=\"font-size: large;\">Pourquoi?<\/span><\/span><\/strong><\/td><td width=\"33%\"><strong><span style=\"font-family: serif; color: #000000;\"><span style=\"font-size: large;\">Indications<\/span><\/span><\/strong><\/td><\/tr><tr valign=\"top\"><td width=\"29%\"><span style=\"font-family: serif; color: #000000;\"><span style=\"font-size: large;\">A la recherche de performance<\/span><\/span><\/td><td width=\"37%\"><p><span style=\"font-family: serif; color: #000000;\"><span style=\"font-size: large;\">\u00c9viter que la sur sollicitations d&rsquo;une zone pr\u00e9cise du corps arrive avec son lot de tensions<\/span><\/span><\/p><p><span style=\"font-family: serif; color: #000000;\"><span style=\"font-size: large;\">\u00c9viter la contre-performance <\/span><\/span><\/p><\/td><td width=\"33%\"><ul><li><span style=\"font-family: serif; color: #000000;\"><span style=\"font-size: large;\">r\u00e9vision en pr\u00e9vention<\/span><\/span><\/li><li><span style=\"font-family: serif; color: #000000;\"><span style=\"font-size: large;\">tensions <\/span><\/span><\/li><\/ul><\/td><\/tr><tr valign=\"top\"><td width=\"29%\"><span style=\"font-family: serif; color: #000000;\"><span style=\"font-size: large;\">\u00c9viter les blessures<\/span><\/span><\/td><td width=\"37%\"><span style=\"font-family: serif; color: #000000;\"><span style=\"font-size: large;\">Lib\u00e9rer les tensions parasites et l\u2019installation de blocages compromettant et engendrant un risque de blessure<\/span><\/span><\/td><td width=\"33%\"><ul><li><span style=\"font-family: serif; color: #000000;\"><span style=\"font-size: large;\">d\u00e9chirure, claquage<\/span><\/span><\/li><li><span style=\"font-family: serif; color: #000000;\"><span style=\"font-size: large;\">entorse<\/span><\/span><\/li><li><span style=\"font-family: serif; color: #000000;\"><span style=\"font-size: large;\">tendinite<\/span><\/span><\/li><li><span style=\"font-family: serif; color: #000000;\"><span style=\"font-size: large;\">fracture etc<\/span><\/span><\/li><\/ul><\/td><\/tr><tr valign=\"top\"><td width=\"29%\"><span style=\"font-family: serif; color: #000000;\"><span style=\"font-size: large;\">Efficacit\u00e9 de la phase de repos <\/span><\/span><\/td><td width=\"37%\"><p><span style=\"font-family: serif; color: #000000;\"><span style=\"font-size: large;\">Potentialiser un maximum les ressources du corps<\/span><\/span><\/p><p><span style=\"font-family: serif; color: #000000;\"><span style=\"font-size: large;\">Meilleure r\u00e9cup\u00e9ration <\/span><\/span><\/p><\/td><td width=\"33%\"><ul><li><span style=\"font-family: serif; color: #000000;\"><span style=\"font-size: large;\">fatigue sportive<\/span><\/span><\/li><li><span style=\"font-family: serif; color: #000000;\"><span style=\"font-size: large;\">difficult\u00e9 \u00e0 la r\u00e9cup\u00e9ration post effort<\/span><\/span><\/li><li><span style=\"font-family: serif; color: #000000;\"><span style=\"font-size: large;\">comp\u00e9tition<\/span><\/span><\/li><\/ul><\/td><\/tr><\/tbody><\/table>\t\t\t\t\t\t<\/div>\n\t\t\t\t<\/div>\n\t\t\t\t\t<\/div>\n\t\t<\/div>\n\t\t\t\t\t<\/div>\n\t\t<\/section>\n\t\t\t\t<section class=\"elementor-section elementor-top-section elementor-element elementor-element-089d06d elementor-section-boxed elementor-section-height-default elementor-section-height-default\" data-id=\"089d06d\" data-element_type=\"section\">\n\t\t\t\t\t\t<div class=\"elementor-container elementor-column-gap-default\">\n\t\t\t\t\t<div class=\"elementor-column elementor-col-33 elementor-top-column elementor-element elementor-element-995048b\" data-id=\"995048b\" data-element_type=\"column\">\n\t\t\t<div class=\"elementor-widget-wrap elementor-element-populated\">\n\t\t\t\t\t\t<div class=\"elementor-element elementor-element-af8281f elementor-widget elementor-widget-image\" data-id=\"af8281f\" data-element_type=\"widget\" data-widget_type=\"image.default\">\n\t\t\t\t<div class=\"elementor-widget-container\">\n\t\t\t\t\t\t\t\t\t\t\t\t\t<img decoding=\"async\" width=\"683\" height=\"1024\" src=\"https:\/\/lea-osteopathie.fr\/wp-content\/uploads\/2023\/10\/Lea-Buhler-Osteopathe-75-683x1024.jpg\" class=\"attachment-large size-large wp-image-1186\" alt=\"\" srcset=\"https:\/\/lea-osteopathie.fr\/wp-content\/uploads\/2023\/10\/Lea-Buhler-Osteopathe-75-683x1024.jpg 683w, https:\/\/lea-osteopathie.fr\/wp-content\/uploads\/2023\/10\/Lea-Buhler-Osteopathe-75-200x300.jpg 200w, https:\/\/lea-osteopathie.fr\/wp-content\/uploads\/2023\/10\/Lea-Buhler-Osteopathe-75-768x1152.jpg 768w, https:\/\/lea-osteopathie.fr\/wp-content\/uploads\/2023\/10\/Lea-Buhler-Osteopathe-75-1024x1536.jpg 1024w, https:\/\/lea-osteopathie.fr\/wp-content\/uploads\/2023\/10\/Lea-Buhler-Osteopathe-75-1365x2048.jpg 1365w, https:\/\/lea-osteopathie.fr\/wp-content\/uploads\/2023\/10\/Lea-Buhler-Osteopathe-75-scaled.jpg 1707w\" sizes=\"(max-width: 683px) 100vw, 683px\" \/>\t\t\t\t\t\t\t\t\t\t\t\t\t<\/div>\n\t\t\t\t<\/div>\n\t\t\t\t\t<\/div>\n\t\t<\/div>\n\t\t\t\t<div class=\"elementor-column elementor-col-33 elementor-top-column elementor-element elementor-element-c6c895a\" data-id=\"c6c895a\" data-element_type=\"column\">\n\t\t\t<div class=\"elementor-widget-wrap elementor-element-populated\">\n\t\t\t\t\t\t<div class=\"elementor-element elementor-element-fa220ce elementor-widget elementor-widget-image\" data-id=\"fa220ce\" data-element_type=\"widget\" data-widget_type=\"image.default\">\n\t\t\t\t<div class=\"elementor-widget-container\">\n\t\t\t\t\t\t\t\t\t\t\t\t\t<img loading=\"lazy\" decoding=\"async\" width=\"683\" height=\"1024\" src=\"https:\/\/lea-osteopathie.fr\/wp-content\/uploads\/2023\/10\/Lea-Buhler-Osteopathe-66-683x1024.jpg\" class=\"attachment-large size-large wp-image-1177\" alt=\"\" srcset=\"https:\/\/lea-osteopathie.fr\/wp-content\/uploads\/2023\/10\/Lea-Buhler-Osteopathe-66-683x1024.jpg 683w, https:\/\/lea-osteopathie.fr\/wp-content\/uploads\/2023\/10\/Lea-Buhler-Osteopathe-66-200x300.jpg 200w, https:\/\/lea-osteopathie.fr\/wp-content\/uploads\/2023\/10\/Lea-Buhler-Osteopathe-66-768x1152.jpg 768w, https:\/\/lea-osteopathie.fr\/wp-content\/uploads\/2023\/10\/Lea-Buhler-Osteopathe-66-1024x1536.jpg 1024w, https:\/\/lea-osteopathie.fr\/wp-content\/uploads\/2023\/10\/Lea-Buhler-Osteopathe-66-1365x2048.jpg 1365w, https:\/\/lea-osteopathie.fr\/wp-content\/uploads\/2023\/10\/Lea-Buhler-Osteopathe-66-scaled.jpg 1707w\" sizes=\"(max-width: 683px) 100vw, 683px\" \/>\t\t\t\t\t\t\t\t\t\t\t\t\t<\/div>\n\t\t\t\t<\/div>\n\t\t\t\t\t<\/div>\n\t\t<\/div>\n\t\t\t\t<div class=\"elementor-column elementor-col-33 elementor-top-column elementor-element elementor-element-6f7a3e7\" data-id=\"6f7a3e7\" data-element_type=\"column\">\n\t\t\t<div class=\"elementor-widget-wrap elementor-element-populated\">\n\t\t\t\t\t\t<div class=\"elementor-element elementor-element-784ee5b elementor-widget elementor-widget-image\" data-id=\"784ee5b\" data-element_type=\"widget\" data-widget_type=\"image.default\">\n\t\t\t\t<div class=\"elementor-widget-container\">\n\t\t\t\t\t\t\t\t\t\t\t\t\t<img loading=\"lazy\" decoding=\"async\" width=\"683\" height=\"1024\" src=\"https:\/\/lea-osteopathie.fr\/wp-content\/uploads\/2023\/10\/Lea-Buhler-Osteopathe-35-683x1024.jpg\" class=\"attachment-large size-large wp-image-1145\" alt=\"\" srcset=\"https:\/\/lea-osteopathie.fr\/wp-content\/uploads\/2023\/10\/Lea-Buhler-Osteopathe-35-683x1024.jpg 683w, https:\/\/lea-osteopathie.fr\/wp-content\/uploads\/2023\/10\/Lea-Buhler-Osteopathe-35-200x300.jpg 200w, https:\/\/lea-osteopathie.fr\/wp-content\/uploads\/2023\/10\/Lea-Buhler-Osteopathe-35-768x1152.jpg 768w, https:\/\/lea-osteopathie.fr\/wp-content\/uploads\/2023\/10\/Lea-Buhler-Osteopathe-35-1024x1536.jpg 1024w, https:\/\/lea-osteopathie.fr\/wp-content\/uploads\/2023\/10\/Lea-Buhler-Osteopathe-35-1365x2048.jpg 1365w, https:\/\/lea-osteopathie.fr\/wp-content\/uploads\/2023\/10\/Lea-Buhler-Osteopathe-35-scaled.jpg 1707w\" sizes=\"(max-width: 683px) 100vw, 683px\" \/>\t\t\t\t\t\t\t\t\t\t\t\t\t<\/div>\n\t\t\t\t<\/div>\n\t\t\t\t\t<\/div>\n\t\t<\/div>\n\t\t\t\t\t<\/div>\n\t\t<\/section>\n\t\t\t\t<section class=\"elementor-section elementor-top-section elementor-element elementor-element-c40a917 elementor-section-boxed elementor-section-height-default elementor-section-height-default\" data-id=\"c40a917\" data-element_type=\"section\">\n\t\t\t\t\t\t<div class=\"elementor-container elementor-column-gap-default\">\n\t\t\t\t\t<div class=\"elementor-column elementor-col-100 elementor-top-column elementor-element elementor-element-b66290e\" data-id=\"b66290e\" data-element_type=\"column\">\n\t\t\t<div class=\"elementor-widget-wrap elementor-element-populated\">\n\t\t\t\t\t\t<div class=\"elementor-element elementor-element-d5bd01b elementor-widget elementor-widget-text-editor\" data-id=\"d5bd01b\" data-element_type=\"widget\" data-widget_type=\"text-editor.default\">\n\t\t\t\t<div class=\"elementor-widget-container\">\n\t\t\t\t\t\t\t<p>Photo : Lucile Aur\u00e9gan<\/p>\t\t\t\t\t\t<\/div>\n\t\t\t\t<\/div>\n\t\t\t\t\t<\/div>\n\t\t<\/div>\n\t\t\t\t\t<\/div>\n\t\t<\/section>\n\t\t\t\t<section class=\"elementor-section elementor-top-section elementor-element elementor-element-927aa16 elementor-section-boxed elementor-section-height-default elementor-section-height-default\" data-id=\"927aa16\" data-element_type=\"section\">\n\t\t\t\t\t\t<div class=\"elementor-container elementor-column-gap-default\">\n\t\t\t\t\t<div class=\"elementor-column elementor-col-100 elementor-top-column elementor-element elementor-element-dd2b344\" data-id=\"dd2b344\" data-element_type=\"column\">\n\t\t\t<div class=\"elementor-widget-wrap elementor-element-populated\">\n\t\t\t\t\t\t<div class=\"elementor-element elementor-element-496d626 elementor-widget elementor-widget-text-editor\" data-id=\"496d626\" data-element_type=\"widget\" data-widget_type=\"text-editor.default\">\n\t\t\t\t<div class=\"elementor-widget-container\">\n\t\t\t\t\t\t\t<p style=\"text-align: center;\"><span style=\"color: #000000;\"><span style=\"font-family: serif;\"><span style=\"font-size: x-large;\"><span style=\"font-size: large;\">Sur demande nous pouvons intervenir dans votre club ou lors d&rsquo;\u00e9v\u00e8nements sportifs<\/span><span style=\"font-size: large;\"> ou artistiques<\/span><span style=\"font-size: large;\">.<\/span><\/span><\/span><\/span><\/p>\t\t\t\t\t\t<\/div>\n\t\t\t\t<\/div>\n\t\t\t\t\t<\/div>\n\t\t<\/div>\n\t\t\t\t\t<\/div>\n\t\t<\/section>\n\t\t\t\t<section class=\"elementor-section elementor-top-section elementor-element elementor-element-bc73176 elementor-section-boxed elementor-section-height-default elementor-section-height-default\" data-id=\"bc73176\" data-element_type=\"section\">\n\t\t\t\t\t\t<div class=\"elementor-container elementor-column-gap-default\">\n\t\t\t\t\t<div class=\"elementor-column elementor-col-100 elementor-top-column elementor-element elementor-element-b6e01bc\" data-id=\"b6e01bc\" data-element_type=\"column\">\n\t\t\t<div class=\"elementor-widget-wrap elementor-element-populated\">\n\t\t\t\t\t\t<div class=\"elementor-element elementor-element-a7a68f7 elementor-widget elementor-widget-image\" data-id=\"a7a68f7\" data-element_type=\"widget\" data-widget_type=\"image.default\">\n\t\t\t\t<div class=\"elementor-widget-container\">\n\t\t\t\t\t\t\t\t\t\t\t\t\t<img loading=\"lazy\" decoding=\"async\" width=\"300\" height=\"300\" src=\"https:\/\/lea-osteopathie.fr\/wp-content\/uploads\/2023\/10\/illsutration-Marie-bassin-300x300.png\" class=\"attachment-medium size-medium wp-image-1216\" alt=\"\" srcset=\"https:\/\/lea-osteopathie.fr\/wp-content\/uploads\/2023\/10\/illsutration-Marie-bassin-300x300.png 300w, https:\/\/lea-osteopathie.fr\/wp-content\/uploads\/2023\/10\/illsutration-Marie-bassin-150x150.png 150w, https:\/\/lea-osteopathie.fr\/wp-content\/uploads\/2023\/10\/illsutration-Marie-bassin.png 500w\" sizes=\"(max-width: 300px) 100vw, 300px\" \/>\t\t\t\t\t\t\t\t\t\t\t\t\t<\/div>\n\t\t\t\t<\/div>\n\t\t\t\t\t<\/div>\n\t\t<\/div>\n\t\t\t\t\t<\/div>\n\t\t<\/section>\n\t\t\t\t<\/div>\n\t\t","protected":false},"excerpt":{"rendered":"<p>Sportif &#038; Artiste Un suivi r\u00e9gulier pour am\u00e9liorer la performance, mieux r\u00e9cup\u00e9rer et surtout \u00e9viter la blessure !\u00a0 Je souhaite vous accompagner pour atteindre un fonctionnement optimal de votre organisme et ainsi une meilleure r\u00e9g\u00e9n\u00e9ration du corps. Mon but est d&rsquo;\u00e9viter toute contre performance, fatigue pr\u00e9matur\u00e9e ou encore sur sollicitations de certaines zones du corps [&hellip;]<\/p>\n","protected":false},"author":1,"featured_media":0,"parent":0,"menu_order":0,"comment_status":"closed","ping_status":"closed","template":"","meta":{"footnotes":""},"class_list":["post-348","page","type-page","status-publish","hentry","entry"],"_links":{"self":[{"href":"https:\/\/lea-osteopathie.fr\/index.php?rest_route=\/wp\/v2\/pages\/348","targetHints":{"allow":["GET"]}}],"collection":[{"href":"https:\/\/lea-osteopathie.fr\/index.php?rest_route=\/wp\/v2\/pages"}],"about":[{"href":"https:\/\/lea-osteopathie.fr\/index.php?rest_route=\/wp\/v2\/types\/page"}],"author":[{"embeddable":true,"href":"https:\/\/lea-osteopathie.fr\/index.php?rest_route=\/wp\/v2\/users\/1"}],"replies":[{"embeddable":true,"href":"https:\/\/lea-osteopathie.fr\/index.php?rest_route=%2Fwp%2Fv2%2Fcomments&post=348"}],"version-history":[{"count":40,"href":"https:\/\/lea-osteopathie.fr\/index.php?rest_route=\/wp\/v2\/pages\/348\/revisions"}],"predecessor-version":[{"id":1576,"href":"https:\/\/lea-osteopathie.fr\/index.php?rest_route=\/wp\/v2\/pages\/348\/revisions\/1576"}],"wp:attachment":[{"href":"https:\/\/lea-osteopathie.fr\/index.php?rest_route=%2Fwp%2Fv2%2Fmedia&parent=348"}],"curies":[{"name":"wp","href":"https:\/\/api.w.org\/{rel}","templated":true}]}}